uppose 3*h - 5*b + 2 = -2, 2*b + 4 = 4*h. Suppose -h*o + 1 = -65. Is o a composite number?
True
Let w be 105/(-10)*(-12)/(-9). Is 8/(-6)*777/w prime?
False
Let r(k) be the second derivative of -55*k**3/2 + 7*k**2/2 + 10*k. Is r(-3) a prime number?
False
Suppose 0*w + 6 = 3*w. Suppose -455 = -w*b - 5*y, 2*b - 6*y = -2*y + 446. Suppose -2*s - s + 3*k = -b, -k = 4*s - 310. Is s prime?
False
Let i(x) = x**2 - 5*x - 7. Let b be i(6). Is (1/b)/((-2)/590) composite?
True
Suppose -2*b + 3*t + 980 = 0, b + 4*t = 302 + 177. Is b composite?
False
Suppose 3*v + 95 + 100 = 0. Suppose 317 + 83 = 4*b. Let x = b + v. Is x composite?
True
Suppose -y = -6*y - 20. Let l = -10 - y. Let o(b) = b**2 - 9*b - 1. Is o(l) prime?
True
Is ((-40)/25)/4 - (-2988)/20 a composite number?
False
Suppose 7*n - 970 = 5*n. Is n composite?
True
Suppose -d + 1 = 2*l, 3*d = -0*d - 2*l + 11. Suppose -d*n = 4*t + 33 - 215, 0 = -n - 3*t + 43. Let i = n - -13. Is i a prime number?
True
Let f(c) = -2*c**3 - 3*c**2 - 2*c + 4. Suppose -4*r - 9 = -r. Is f(r) a prime number?
True
Suppose -4*g + 12*g = 6824. Is g a prime number?
True
Let q = 144 - -349. Is q a composite number?
True
Let l = -2380 + 7553. Is l prime?
False
Let b = -22 - -32. Suppose n = -b + 47. Is n a composite number?
False
Suppose 3*a = -166 - 728. Let k(n) = 3*n**3 + 5*n + 3. Let h be k(-4). Let q = h - a. Is q a composite number?
False
Suppose -7*a + 6*a + 740 = 5*p, -a - 750 = -5*p. Is p prime?
True
Suppose -2*k - k - 228 = 0. Let g = k + 110. Is g composite?
True
Let h = 46 - 7. Suppose 4*m + h = 5*m. Is m a composite number?
True
Suppose 0 = 2*z + 4*z - 4098. Is z a prime number?
True
Suppose 3*x - 20 = -4*p + 2*p, 0 = -5*p + 20. Suppose 0 = -x*z - z + 785. Is z prime?
True
Let s(f) be the second derivative of -f**5/10 - f**4/3 + 2*f**2 - 2*f. Is s(-3) composite?
True
Suppose -c + n = -6, -2*c + 6*c + 4*n = 0. Let j be 1923/(6 - c) - -1. Suppose 4*i - 410 - j = 0. Is i a composite number?
False
Let q = 455 + -308. Suppose 2*v + t + 1 = 6*t, -t + 1 = 0. Suppose 13 - q = -v*s. Is s prime?
True
Let x = -221 + 91. Let c = 207 + x. Is c a prime number?
False
Let t(k) = k**2 + 24*k + 58. Is t(-27) a composite number?
False
Let v(h) be the first derivative of -63*h**2 - 5*h - 1. Is v(-4) a prime number?
True
Suppose -5*h + 5*n + 244 + 201 = 0, 2*n = -4*h + 374. Suppose -6*i + h = -5*i + 3*f, 2*i - 5*f - 129 = 0. Is i a composite number?
True
Suppose 6*t - 235 + 13 = 0. Is t composite?
False
Suppose 0 = 2*s - 0*s - 1842. Suppose -s = -3*h - 150. Is h composite?
False
Let z = 1816 - -1777. Is z a prime number?
True
Suppose -12 = 2*a - 5*a. Suppose -2*k - a*y + 3*y + 106 = 0, -4*k + 204 = 4*y. Is k a composite number?
True
Let w = -1302 + 2389. Is w composite?
False
Suppose 3*r - 2*h - 3789 = 2*h, 5033 = 4*r + h. Is r composite?
False
Suppose -11360 - 83749 = -21*f. Is f composite?
True
Let t = 7 + -4. Let j be (-2)/8 + (-1)/(-4). Suppose j*m - 111 = -t*m. Is m composite?
False
Let c(a) = 331*a**2 + 15*a + 3. Is c(5) composite?
False
Let m(l) = 4*l + 2. Let v be m(-4). Is (-1827)/v + (-2)/(-4) prime?
True
Suppose 3*l - l = 202. Suppose 4*p - 7 - l = -4*s, -66 = -2*s - 5*p. Is s composite?
False
Let o(f) = 9*f**2 + 5*f - 1. Is o(-6) a composite number?
False
Let u(z) = -19*z + 24. Is u(-13) a composite number?
False
Suppose 25 = 4*u - 3*u + 5*y, 4*u = y - 5. Suppose 6*h - 3*h - 273 = u. Is h a composite number?
True
Suppose t + 2*t - 24 = -4*k, 3*k + 11 = 5*t. Let l = -16 + 31. Suppose 0 = k*n - 90 - l. Is n prime?
False
Let i(c) = -37*c + 15. Let k(s) be the second derivative of 2*s**3 - 5*s**2/2 + 3*s. Let w(q) = 4*i(q) + 11*k(q). Is w(-5) prime?
False
Let z = -5064 - -8507. Is z a composite number?
True
Let x be (-528)/(-3) - (0 + 3). Suppose b + 2*w + 169 = 4*b, -3*b + x = -w. Is b prime?
True
Let g(q) = -q**3 - 5*q**2 + 15*q - 10. Is g(-11) composite?
True
Suppose -3*m + 160 = 55. Is m prime?
False
Let w(q) = q - 1. Let y be w(5). Suppose 0 = -4*x + 4*t + 1096, -x - t - 824 = -4*x. Suppose -i - y*i = -x. Is i composite?
True
Let j = -12 + 18. Is 774/j*(-1)/(-3) a composite number?
False
Let n = -477 - -1064. Is n a composite number?
False
Is (-30)/18 - -1 - 5914/(-6) a prime number?
False
Let i(u) = u - 1. Let j be i(6). Suppose j*d - 108 = 2*d. Let k = d + 17. Is k a prime number?
True
Let t(a) = a**2 - 5*a - 2. Let x be t(4). Let q(y) = 10. Let c(u) = -2*u + 19. Let j(v) = 3*c(v) - 5*q(v). Is j(x) a composite number?
False
Let h = 5 - 3. Is 159/(-1 + h) - -2 composite?
True
Let b(n) = 128*n + 1. Suppose -4*m + 6 = -m. Is b(m) composite?
False
Let h(f) be the third derivative of f**6/120 - f**5/10 + f**4/24 + f**3/6 + f**2. Is h(6) a prime number?
True
Let d(w) = w - 1. Let n be d(2). Is (-33)/6*-26*n a composite number?
True
Let s be ((0 - -1)*-1)/1. Is ((-4)/(-16) - s)*68 a prime number?
False
Let c = -2737 - -4056. Is c prime?
True
Suppose 3*h + 151 = 2*w, -3*h + 257 = 4*w - 0*h. Suppose -q + w + 73 = 0. Is q a composite number?
True
Let c(z) = 27*z - 4. Is c(3) a composite number?
True
Suppose -11*v + 16408 = -3*v. Is v prime?
False
Is 1*4406/(-4)*(8 + -10) a prime number?
True
Let r(i) = 2*i**3 - 5*i**2 - 7*i + 6. Let o(s) = -5*s**3 + 11*s**2 + 15*s - 13. Let w(m) = 3*o(m) + 7*r(m). Is w(-4) a prime number?
False
Suppose -4*y = -131 - 221. Let r = 13 + -24. Let g = y + r. Is g a composite number?
True
Let f(x) = -3*x**2 + x**2 - 3 + 7*x - x + 3*x**2. Let w be f(-7). Is w/(-6)*801/(-6) a prime number?
True
Suppose -6*f + 159 = -3*f. Is f composite?
False
Let t = 152 + -55. Is t composite?
False
Let s = -1 - 9. Is (-1 + -1)/(s/475) a prime number?
False
Suppose -2*b - 7 - 37 = 2*i, 93 = -4*i - 3*b. Suppose -5*l + 10*l + 15 = 0. Is l/4 + i/(-4) a prime number?
False
Let q = -11 - -17. Suppose -2*l + 164 = 2*w - 4*l, 0 = 2*l + q. Is w a composite number?
False
Suppose -5*t + 0*t = 4*s - 867, -4*s = -3*t - 907. Is s prime?
True
Let q(w) = -4*w**3 - w**2 + 2*w - 1. Suppose -2*s - 11 = -3. Let h = 2 + s. Is q(h) a composite number?
False
Let l = -236 + 413. Is l a composite number?
True
Suppose 4*t - 17 + 493 = 0. Let d = t - -198. Is d a composite number?
False
Let z(c) = 17*c**2 + 3*c + 5. Is z(-3) a composite number?
False
Is 28 + (-1 - 0 - -4) a prime number?
True
Suppose 4*f = m + 24, -7*f + 2*f = -5*m - 45. Suppose 3*j + 2*c - 2 = 1, 12 = f*j + c. Suppose -j*b = -155 + 44. Is b a prime number?
True
Let v be -94*(-5 - -1)/8. Let s = 262 + v. Is s a composite number?
True
Suppose -4*s = 0, 5*p - 4*s + 3*s = 4295. Let g = 1532 - p. Is g a prime number?
True
Suppose a - 26 = -4*a + 2*p, 4*a - 3*p = 25. Suppose h + h = a. Suppose h*b + 2*b - 5*u - 227 = 0, b - 68 = 5*u. Is b prime?
True
Suppose -4*m = -3*n - 1 + 7, 0 = 3*m - 2*n + 4. Suppose -2*i + 70 + 408 = m. Is i a prime number?
True
Let n(f) = -24*f - 37. Is n(-16) a prime number?
True
Suppose 0 = 2*g + 20 - 0. Let m be 0 - ((3 - 1) + g). Is (-2)/8 + 2058/m a composite number?
False
Let p(q) = -10*q - 13. Let o be p(-11). Let j = o + -44. Is j a composite number?
False
Let x = -217 - -331. Suppose 3*v - x = 459. Is v prime?
True
Suppose 0 = 4*z + 77 - 181. Is z a prime number?
False
Suppose 5*p + 1815 = 725. Let d = p + 381. Is d composite?
False
Let o(r) = -r**2 - r + 127. Is o(0) prime?
True
Let u(w) be the second derivative of 3*w**5/20 + w**4/6 + 5*w**3/6 + w**2 - 2*w. Let c be u(-3). Let a = -45 - c. Is a prime?
True
Let d = 8 - -17. Suppose 2*f + 3*f = -d, -3*f = -2*s + 13. Is 1 - s - (1 + -10) a prime number?
True
Suppose -4*d + 0*d + 24 = 0. Suppose -y + 3*w - d = -25, 0 = 4*y + w - 76. Is y prime?
True
Suppose 2*r + 2*r + 80 = 0. Is (42/12)/((-2)/r) composite?
True
Let m(g) = 84*g - 25. Is m(6) composite?
False
Suppose -b + 7*b - 3126 = 0. Is b a prime number?
True
Let a = 9 - 6. Suppose a*r = 255 + 768. Is r a prime number?
False
Let p(t) = -7*t + 1. Is p(-3) a composite number?
True
Let u(p) = -p**3 + 7*p**2 - 2*p - 7. Let i(w) = -w - 6. Let f be i(-8). Suppose 3*m - 5*t = 25, -4*t + 1 + 1 = f*m. Is u(m) prime?
False
Suppose -3*d = 5*m + 415, -4*d = -3*m - 5*d - 249. Let l = m - -172. Is l a composite number?
False
Let p = 412 - 207. Is p prime?
False
Suppose 0 = 3*c + 6, 0*y - y + 77 = c. Suppose 0 = -m + y + 112. Is m a composite number?
False
Let k(n)